{"id":414,"date":"2021-07-17T16:06:40","date_gmt":"2021-07-17T19:06:40","guid":{"rendered":"https:\/\/equilibrioaromas.com.br\/?product=produto-82"},"modified":"2021-07-21T01:03:43","modified_gmt":"2021-07-21T04:03:43","slug":"equilibrio-aromatizante-roma-e-peonia","status":"publish","type":"product","link":"https:\/\/equilibrioaromas.com.br\/?product=equilibrio-aromatizante-roma-e-peonia","title":{"rendered":"EQUIL\u00cdBRIO AROMATIZANTE ROM\u00c3 E PE\u00d4NIA"},"content":{"rendered":"<p>A fragr\u00e2ncia Rom\u00e3 e Pe\u00f4nia foi desenvolvida para atender at\u00e9 os mais exigentes dos p\u00fablicos. A Pe\u00f4nia est\u00e1 associada \u00e0 vida feliz, \u00e0 beleza e \u00e0 harmonia. Flor muito admirada no oriente. Seu aroma \u00e9 marcante e ao mesmo tempo delicado, na jun\u00e7\u00e3o com a rom\u00e3 tempos uma fragr\u00e2ncia \u00fanica, que purifica e energiza o ambiente, proporcionando um perfume agrad\u00e1vel e duradouro, com toques de sensualidade. Indicado para ambientes comerciais e residenciais.<\/p>\n<p>PA070020066 &#8211; 2 L<\/p>\n<p>PA074800067 &#8211;\u00a0 1L &#8211; REFIL<\/p>\n<p>PA074800066 &#8211; 480 mL &#8211; Spray<\/p>\n<p>PA074800067 &#8211; 480 mL &#8211; Stick<\/p>\n<p>&nbsp;<\/p>\n","protected":false},"excerpt":{"rendered":"<p>A fragr\u00e2ncia Rom\u00e3 e Pe\u00f4nia foi desenvolvida para atender at\u00e9 os mais exigentes dos p\u00fablicos. A Pe\u00f4nia est\u00e1 associada \u00e0 vida feliz, \u00e0 beleza e \u00e0<span class=\"excerpt-hellip\"> [\u2026]<\/span><\/p>\n","protected":false},"featured_media":118,"template":"","meta":[],"product_cat":[16],"product_tag":[],"_links":{"self":[{"href":"https:\/\/equilibrioaromas.com.br\/index.php?rest_route=\/wp\/v2\/product\/414"}],"collection":[{"href":"https:\/\/equilibrioaromas.com.br\/index.php?rest_route=\/wp\/v2\/product"}],"about":[{"href":"https:\/\/equilibrioaromas.com.br\/index.php?rest_route=\/wp\/v2\/types\/product"}],"wp:featuredmedia":[{"embeddable":true,"href":"https:\/\/equilibrioaromas.com.br\/index.php?rest_route=\/wp\/v2\/media\/118"}],"wp:attachment":[{"href":"https:\/\/equilibrioaromas.com.br\/index.php?rest_route=%2Fwp%2Fv2%2Fmedia&parent=414"}],"wp:term":[{"taxonomy":"product_cat","embeddable":true,"href":"https:\/\/equilibrioaromas.com.br\/index.php?rest_route=%2Fwp%2Fv2%2Fproduct_cat&post=414"},{"taxonomy":"product_tag","embeddable":true,"href":"https:\/\/equilibrioaromas.com.br\/index.php?rest_route=%2Fwp%2Fv2%2Fproduct_tag&post=414"}],"curies":[{"name":"wp","href":"https:\/\/api.w.org\/{rel}","templated":true}]}}