{"id":519,"date":"2021-07-20T20:33:21","date_gmt":"2021-07-20T23:33:21","guid":{"rendered":"https:\/\/equilibrioaromas.com.br\/?post_type=product&#038;p=519"},"modified":"2021-07-20T20:46:55","modified_gmt":"2021-07-20T23:46:55","slug":"equilibrio-sabonete-flor-de-laranjeira","status":"publish","type":"product","link":"https:\/\/equilibrioaromas.com.br\/?product=equilibrio-sabonete-flor-de-laranjeira","title":{"rendered":"EQUIL\u00cdBRIO SABONETE FLOR DE LARANJEIRA"},"content":{"rendered":"<p>O Equil\u00edbrio Sabonete FLOR DE LARANJEIRA foi elaborado com mat\u00e9rias-primas finas, selecionadas cuidadosamente, a fim de se obter uma formula\u00e7\u00e3o balanceada com hidratantes e emolientes que aliam suavidade, rendimento e harmonia \u00e0 pele. Pele suavemente perfumada. Conhe\u00e7a as outras fragr\u00e2ncias dispon\u00edveis.<\/p>\n<p>PA070010060 &#8211; 1 L<br \/>\nPA070050060 &#8211; 5 L<br \/>\nPA074801060 &#8211; 480 mL &#8211; Disktop<\/p>\n<p>PA074800060 &#8211; 480 mL &#8211; Pump<br \/>\nPA078000060 &#8211; 800 mL &#8211; REFIL<\/p>\n<p>&nbsp;<\/p>\n","protected":false},"excerpt":{"rendered":"<p>O Equil\u00edbrio Sabonete FLOR DE LARANJEIRA foi elaborado com mat\u00e9rias-primas finas, selecionadas cuidadosamente, a fim de se obter uma formula\u00e7\u00e3o balanceada com hidratantes e emolientes que<span class=\"excerpt-hellip\"> [\u2026]<\/span><\/p>\n","protected":false},"featured_media":129,"template":"","meta":[],"product_cat":[19],"product_tag":[],"_links":{"self":[{"href":"https:\/\/equilibrioaromas.com.br\/index.php?rest_route=\/wp\/v2\/product\/519"}],"collection":[{"href":"https:\/\/equilibrioaromas.com.br\/index.php?rest_route=\/wp\/v2\/product"}],"about":[{"href":"https:\/\/equilibrioaromas.com.br\/index.php?rest_route=\/wp\/v2\/types\/product"}],"wp:featuredmedia":[{"embeddable":true,"href":"https:\/\/equilibrioaromas.com.br\/index.php?rest_route=\/wp\/v2\/media\/129"}],"wp:attachment":[{"href":"https:\/\/equilibrioaromas.com.br\/index.php?rest_route=%2Fwp%2Fv2%2Fmedia&parent=519"}],"wp:term":[{"taxonomy":"product_cat","embeddable":true,"href":"https:\/\/equilibrioaromas.com.br\/index.php?rest_route=%2Fwp%2Fv2%2Fproduct_cat&post=519"},{"taxonomy":"product_tag","embeddable":true,"href":"https:\/\/equilibrioaromas.com.br\/index.php?rest_route=%2Fwp%2Fv2%2Fproduct_tag&post=519"}],"curies":[{"name":"wp","href":"https:\/\/api.w.org\/{rel}","templated":true}]}}