{"id":521,"date":"2021-07-20T20:47:18","date_gmt":"2021-07-20T23:47:18","guid":{"rendered":"https:\/\/equilibrioaromas.com.br\/?post_type=product&#038;p=521"},"modified":"2021-07-20T20:53:40","modified_gmt":"2021-07-20T23:53:40","slug":"equilibrio-sabonete-lima-da-persia","status":"publish","type":"product","link":"https:\/\/equilibrioaromas.com.br\/?product=equilibrio-sabonete-lima-da-persia","title":{"rendered":"EQUIL\u00cdBRIO SABONETE LIMA DA P\u00c9RSIA"},"content":{"rendered":"<p>O Equil\u00edbrio Sabonete LIMA DA PERSIA foi elaborado com mat\u00e9rias-primas finas, selecionadas cuidadosamente, a fim de se obter uma formula\u00e7\u00e3o balanceada com hidratantes e emolientes que aliam suavidade, rendimento e harmonia \u00e0 pele. Pele suavemente perfumada. Conhe\u00e7a as outras fragr\u00e2ncias dispon\u00edveis.<\/p>\n<p>PA070010064 &#8211; 1 L<br \/>\nPA070050064 &#8211; 5 L<br \/>\nPA074801064 &#8211; 480 mL &#8211; Disktop<\/p>\n<p>PA074800064 &#8211; 480 mL &#8211; Pump<br \/>\nPA078000064 &#8211; 800 mL &#8211; REFIL<\/p>\n<p>&nbsp;<\/p>\n","protected":false},"excerpt":{"rendered":"<p>O Equil\u00edbrio Sabonete LIMA DA PERSIA foi elaborado com mat\u00e9rias-primas finas, selecionadas cuidadosamente, a fim de se obter uma formula\u00e7\u00e3o balanceada com hidratantes e emolientes que<span class=\"excerpt-hellip\"> [\u2026]<\/span><\/p>\n","protected":false},"featured_media":101,"template":"","meta":[],"product_cat":[19],"product_tag":[],"_links":{"self":[{"href":"https:\/\/equilibrioaromas.com.br\/index.php?rest_route=\/wp\/v2\/product\/521"}],"collection":[{"href":"https:\/\/equilibrioaromas.com.br\/index.php?rest_route=\/wp\/v2\/product"}],"about":[{"href":"https:\/\/equilibrioaromas.com.br\/index.php?rest_route=\/wp\/v2\/types\/product"}],"wp:featuredmedia":[{"embeddable":true,"href":"https:\/\/equilibrioaromas.com.br\/index.php?rest_route=\/wp\/v2\/media\/101"}],"wp:attachment":[{"href":"https:\/\/equilibrioaromas.com.br\/index.php?rest_route=%2Fwp%2Fv2%2Fmedia&parent=521"}],"wp:term":[{"taxonomy":"product_cat","embeddable":true,"href":"https:\/\/equilibrioaromas.com.br\/index.php?rest_route=%2Fwp%2Fv2%2Fproduct_cat&post=521"},{"taxonomy":"product_tag","embeddable":true,"href":"https:\/\/equilibrioaromas.com.br\/index.php?rest_route=%2Fwp%2Fv2%2Fproduct_tag&post=521"}],"curies":[{"name":"wp","href":"https:\/\/api.w.org\/{rel}","templated":true}]}}