{"id":547,"date":"2021-07-20T23:35:02","date_gmt":"2021-07-21T02:35:02","guid":{"rendered":"https:\/\/equilibrioaromas.com.br\/?post_type=product&#038;p=547"},"modified":"2021-07-25T19:29:45","modified_gmt":"2021-07-25T22:29:45","slug":"equilibrio-aromatizante-baby-dream","status":"publish","type":"product","link":"https:\/\/equilibrioaromas.com.br\/?product=equilibrio-aromatizante-baby-dream","title":{"rendered":"EQUIL\u00cdBRIO AROMATIZANTE BABY DREAM"},"content":{"rendered":"<p>Fragr\u00e2ncia aconchegante com cheirinho de inf\u00e2ncia. Baby Dream foi elaborado para levar o frescor da natureza \u00e0 sua casa. Com um elegante bouquet floral talcado, esta fragr\u00e2ncia traz harmonia e tranquilidade no ambiente. Indica\u00e7\u00f5es: O aromatizante Equil\u00edbrio Baby Dream \u00e9 indicado para \u00e9 indicado para resid\u00eancias, condom\u00ednios, hot\u00e9is, restaurantes, cl\u00ednicas, escolas, ind\u00fastrias, escrit\u00f3rios, supermercados, clubes, academias, vesti\u00e1rios, lavabos e qualquer lugar onde se tenha a necessidade de uma aromatiza\u00e7\u00e3o eficaz, suave e agrad\u00e1vel.<\/p>\n<p>PA070050026 &#8211; 5 L<\/p>\n<p>&nbsp;<\/p>\n","protected":false},"excerpt":{"rendered":"<p>Fragr\u00e2ncia aconchegante com cheirinho de inf\u00e2ncia. Baby Dream foi elaborado para levar o frescor da natureza \u00e0 sua casa. Com um elegante bouquet floral talcado, esta<span class=\"excerpt-hellip\"> [\u2026]<\/span><\/p>\n","protected":false},"featured_media":565,"template":"","meta":[],"product_cat":[16],"product_tag":[],"_links":{"self":[{"href":"https:\/\/equilibrioaromas.com.br\/index.php?rest_route=\/wp\/v2\/product\/547"}],"collection":[{"href":"https:\/\/equilibrioaromas.com.br\/index.php?rest_route=\/wp\/v2\/product"}],"about":[{"href":"https:\/\/equilibrioaromas.com.br\/index.php?rest_route=\/wp\/v2\/types\/product"}],"wp:featuredmedia":[{"embeddable":true,"href":"https:\/\/equilibrioaromas.com.br\/index.php?rest_route=\/wp\/v2\/media\/565"}],"wp:attachment":[{"href":"https:\/\/equilibrioaromas.com.br\/index.php?rest_route=%2Fwp%2Fv2%2Fmedia&parent=547"}],"wp:term":[{"taxonomy":"product_cat","embeddable":true,"href":"https:\/\/equilibrioaromas.com.br\/index.php?rest_route=%2Fwp%2Fv2%2Fproduct_cat&post=547"},{"taxonomy":"product_tag","embeddable":true,"href":"https:\/\/equilibrioaromas.com.br\/index.php?rest_route=%2Fwp%2Fv2%2Fproduct_tag&post=547"}],"curies":[{"name":"wp","href":"https:\/\/api.w.org\/{rel}","templated":true}]}}