{"id":548,"date":"2021-07-20T23:40:27","date_gmt":"2021-07-21T02:40:27","guid":{"rendered":"https:\/\/equilibrioaromas.com.br\/?post_type=product&#038;p=548"},"modified":"2021-07-21T00:11:25","modified_gmt":"2021-07-21T03:11:25","slug":"equilibrio-aromatizante-cotton-soft","status":"publish","type":"product","link":"https:\/\/equilibrioaromas.com.br\/?product=equilibrio-aromatizante-cotton-soft","title":{"rendered":"EQUIL\u00cdBRIO AROMATIZANTE COTTON SOFT"},"content":{"rendered":"<p>O Equil\u00edbrio Aromatizante Cotton Soft foi elaborado com mat\u00e9rias-primas finas, selecionadas cuidadosamente, a fim de se obter uma formula\u00e7\u00e3o balanceada com perfuma\u00e7\u00e3o duradoura e eficaz. Modo de usar: Deve ser utilizado puro, aplicado por aspers\u00e3o no ambiente ou pode ser aplicado com aux\u00edlio de pano ou esponja sobre a superf\u00edcie a ser aromatizada, na dilui\u00e7\u00e3o de at\u00e9 1:50, ou seja, 01 parte do produto para 49 partes de \u00e1gua. Indica\u00e7\u00f5es: O Equil\u00edbrio Aromatizante Cotton Soft \u00e9 indicado para hot\u00e9is, restaurantes, resid\u00eancias, cl\u00ednicas, escolas, lavabos, ind\u00fastrias, escrit\u00f3rios, vesti\u00e1rios, supermercados, clubes, academias e qualquer lugar onde se tenha a necessidade de uma aromatiza\u00e7\u00e3o eficaz, suave e agrad\u00e1vel.<\/p>\n<p>PA070050010 &#8211; 5 L<\/p>\n<p>&nbsp;<\/p>\n<p>&nbsp;<\/p>\n","protected":false},"excerpt":{"rendered":"<p>O Equil\u00edbrio Aromatizante Cotton Soft foi elaborado com mat\u00e9rias-primas finas, selecionadas cuidadosamente, a fim de se obter uma formula\u00e7\u00e3o balanceada com perfuma\u00e7\u00e3o duradoura e eficaz. Modo<span class=\"excerpt-hellip\"> [\u2026]<\/span><\/p>\n","protected":false},"featured_media":555,"template":"","meta":[],"product_cat":[16],"product_tag":[],"_links":{"self":[{"href":"https:\/\/equilibrioaromas.com.br\/index.php?rest_route=\/wp\/v2\/product\/548"}],"collection":[{"href":"https:\/\/equilibrioaromas.com.br\/index.php?rest_route=\/wp\/v2\/product"}],"about":[{"href":"https:\/\/equilibrioaromas.com.br\/index.php?rest_route=\/wp\/v2\/types\/product"}],"wp:featuredmedia":[{"embeddable":true,"href":"https:\/\/equilibrioaromas.com.br\/index.php?rest_route=\/wp\/v2\/media\/555"}],"wp:attachment":[{"href":"https:\/\/equilibrioaromas.com.br\/index.php?rest_route=%2Fwp%2Fv2%2Fmedia&parent=548"}],"wp:term":[{"taxonomy":"product_cat","embeddable":true,"href":"https:\/\/equilibrioaromas.com.br\/index.php?rest_route=%2Fwp%2Fv2%2Fproduct_cat&post=548"},{"taxonomy":"product_tag","embeddable":true,"href":"https:\/\/equilibrioaromas.com.br\/index.php?rest_route=%2Fwp%2Fv2%2Fproduct_tag&post=548"}],"curies":[{"name":"wp","href":"https:\/\/api.w.org\/{rel}","templated":true}]}}